Is 9 a multiple of 3?
True
Is 23 even?
False
Is 1045 a multiple of 19?
True
Is 29472 a multiple of 41?
False
Is 25 a factor of 44875?
True
Is 451 a multiple of 11?
True
Does 10 divide 42670?
True
Is 41300 a multiple of 9?
False
Is 19962 a multiple of 9?
True
Is 104 a factor of 25234?
False
Does 24 divide 577?
False
Is 71 a multiple of 3?
False
Is 104 a factor of 1788?
False
Is 18 a factor of 457?
False
Does 157 divide 1256?
True
Is 25 a factor of 2073?
False
Does 4 divide 18528?
True
Does 2 divide 614?
True
Does 123 divide 41451?
True
Is 13986 a multiple of 152?
False
Does 24 divide 1065?
False
Is 805 a multiple of 7?
True
Is 94 a factor of 13348?
True
Is 12005 a multiple of 9?
False
Is 4 a factor of 996?
True
Does 6 divide 6060?
True
Does 3 divide 284?
False
Does 15 divide 3366?
False
Is 11 a factor of 6820?
True
Is 14000 a multiple of 80?
True
Is 38 a factor of 608?
True
Is 6 a factor of 658?
False
Is 19 a factor of 190?
True
Does 44 divide 89?
False
Is 119 a factor of 39398?
False
Is 21 a factor of 748?
False
Is 12 a factor of 8409?
False
Is 50 a multiple of 12?
False
Does 36 divide 27847?
False
Does 277 divide 134513?
False
Does 7 divide 2086?
True
Is 2 a factor of 2530?
True
Does 37 divide 1465?
False
Does 5 divide 11613?
False
Is 23 a factor of 10393?
False
Is 47 a factor of 51653?
True
Is 755 a multiple of 27?
False
Does 19 divide 7195?
False
Is 7 a factor of 3189?
False
Is 3642 a multiple of 110?
False
Is 3 a factor of 78?
True
Does 22 divide 88450?
False
Is 249 a multiple of 19?
False
Is 1872 a multiple of 26?
True
Does 120 divide 11760?
True
Is 880 a multiple of 22?
True
Is 1348 a multiple of 54?
False
Is 1515 a multiple of 18?
False
Is 13 a factor of 641?
False
Is 3172 a multiple of 122?
True
Is 5116 a multiple of 5?
False
Does 13 divide 2249?
True
Is 2089 a multiple of 80?
False
Is 49 a factor of 81337?
False
Is 7999 a multiple of 19?
True
Is 23 a factor of 29233?
True
Is 7 a factor of 358?
False
Is 36 a factor of 1080?
True
Does 28 divide 12040?
True
Is 5712 a multiple of 16?
True
Is 381 a multiple of 15?
False
Is 1708 a multiple of 27?
False
Does 185 divide 5862?
False
Is 368 a multiple of 55?
False
Is 98 a factor of 8716?
False
Is 49 a factor of 3528?
True
Is 234 a multiple of 6?
True
Is 54 a factor of 6966?
True
Is 8010 a multiple of 178?
True
Is 10 a factor of 202?
False
Is 2255 a multiple of 130?
False
Is 387 a multiple of 48?
False
Does 35 divide 10017?
False
Does 23 divide 897?
True
Does 11 divide 63?
False
Is 4 a factor of 5008?
True
Is 368 a multiple of 21?
False
Does 33 divide 9636?
True
Does 29 divide 14529?
True
Is 10742 a multiple of 51?
False
Is 420 a multiple of 30?
True
Does 37 divide 37?
True
Is 10465 a multiple of 12?
False
Is 34 a factor of 102?
True
Does 5 divide 3437?
False
Does 69 divide 102?
False
Does 100 divide 3900?
True
Is 4602 a multiple of 5?
False
Is 69 a factor of 6417?
True
Does 57 divide 19691?
False
Is 31129 a multiple of 179?
False
Is 82 a factor of 1413?
False
Is 156 a factor of 14196?
True
Is 17520 a multiple of 73?
True
Does 17 divide 1717?
True
Does 14 divide 746?
False
Is 3500 a multiple of 50?
True
Is 9 a factor of 897?
False
Does 40 divide 1200?
True
Is 2240 a multiple of 28?
True
Does 193 divide 24704?
True
Is 3028 a multiple of 60?
False
Is 76 a multiple of 20?
False
Is 9 a factor of 2330?
False
Does 134 divide 21842?
True
Is 117 a multiple of 2?
False
Is 1349 a multiple of 31?
False
Is 3 a factor of 40?
False
Is 39025 a multiple of 140?
False
Does 6 divide 888?
True
Is 216 a multiple of 36?
True
Is 37 a factor of 9916?
True
Does 14 divide 620?
False
Does 8 divide 79623?
False
Is 125872 a multiple of 43?
False
Does 15 divide 3735?
True
Is 280 a multiple of 19?
False
Is 12 a factor of 2244?
True
Is 11 a factor of 11705?
False
Does 246 divide 32226?
True
Is 1752 a multiple of 28?
False
Is 22 a factor of 1804?
True
Is 2 a factor of 52?
True
Is 109 a factor of 9592?
True
Does 81 divide 81?
True
Does 14 divide 3528?
True
Does 24 divide 816?
True
Does 6 divide 1634?
False
Is 161 a factor of 16422?
True
Is 6 a factor of 833?
False
Is 31979 a multiple of 283?
True
Is 481 a multiple of 4?
False
Does 20 divide 217?
False
Is 18 a factor of 2636?
False
Does 31 divide 14482?
False
Is 29 a factor of 9135?
True
Does 15 divide 1140?
True
Does 173 divide 36157?
True
Is 2 a factor of 20?
True
Does 35 divide 1659?
False
Is 72 a factor of 7272?
True
Is 4991 a multiple of 107?
False
Is 1272 a multiple of 6?
True
Is 12860 a multiple of 20?
True
Is 10 a factor of 493?
False
Is 11200 a multiple of 35?
True
Is 5 a factor of 145?
True
Is 96 even?
True
Is 20 a factor of 1520?
True
Does 19 divide 33459?
True
Is 27489 a multiple of 11?
True
Is 9 a factor of 783?
True
Is 40 a factor of 16513?
False
Is 9712 a multiple of 42?
False
Does 7 divide 50435?
True
Does 5 divide 1212?
False
Is 15 a factor of 521?
False
Does 223 divide 51600?
False
Is 39 a factor of 42095?
False
Is 59968 a multiple of 16?
True
Is 21 a factor of 3024?
True
Is 24009 a multiple of 9?
False
Does 3 divide 16141?
False
Is 1760 a multiple of 12?
False
Is 4 a factor of 132?
True
Does 13 divide 256?
False
Is 22 a factor of 132?
True
Does 38 divide 976?
False
Is 2 a factor of 1257?
False
Is 811 a multiple of 23?
False
Does 14 divide 832?
False
Does 105 divide 7278?
False
Does 152 divide 1064?
True
Is 5730 a multiple of 9?
False
Is 3528 a multiple of 56?
True
Is 1944 a multiple of 27?
True
Does 6 divide 432?
True
Does 34 divide 7616?
True
Does 80 divide 6467?
False
Is 91 a factor of 164?
False
Is 1314 a multiple of 73?
True
Is 29 a factor of 283?
False
Is 9 a factor of 25685?
False
Is 11816 a multiple of 84?
False
Is 52 a factor of 60840?
True
Is 10 a factor of 1336?
False
Is 24 a factor of 3960?
True
Is 45 a factor of 37699?
False
Is 3 a factor of 27?
True
Is 1276 a multiple of 4?
True
Is 8 a factor of 3746?
False
Is 5 a factor of 2055?
True
Does 6 divide 3594?
True
Does 108 divide 4104?
True
Does 186 divide 12320?
False
Is 14658 a multiple of 8?
False
Does 9 divide 240?
False
Is 891 a multiple of 14?
False
Is 505 a factor of 83131?
False
Does 6 divide 224?
False
Is 3525 a multiple of 15?
True
Does 144 divide 30163?
False
Is 31834 a multiple of 22?
True
Is 1421 a multiple of 31?
False
Does 75 divide 150?
True
Is 182 a factor of 4368?
True
Is 774 a multiple of 23?
False
Is 3040 a multiple of 19?
True
Does 45 divide 7470?
True
Is 405 a multiple of 27?
True
Is 122 a factor of 3172?
True
Is 30 a factor of 150196?
False
Does 12 divide 468?
True
Does 134 divide 13611?
False
Is 44 a factor of 2200?
True
Is 242 a factor of 60102?
False
Is 13 a factor of 1470?
False
Does 36 divide 396?
True
Does 16 divide 40771?
False
Is 35424 a multiple of 9?
True
Does 3 divide 7342?
False
Is 260 a multiple of 20?
True
Is 385 a multiple of 6?
False
Is 120 a factor of 62347?
False
Does 68 divide 544?
True
Is 9662 a multiple of 254?
False
Does 18 divide 17388?
True
Is 29150 a multiple of 10?
True
Is 502 a multiple of 7?
False
Does 6 divide 4866?
True
Is 48 a factor of 811?
False
Is 368 a multiple of 12?
False
Is 33 a factor of 495?
True
Does 6 divide 288?
True
Does 25 divide 4380?
False
Is 76 a factor of 554?
False
Is 4 a factor of 940?
True
Is 17 a factor of 2992?
True
Is 815 a multiple of 63?
False
Does 116 divide 3747?
False
Is 3 a factor of 209?
False
Does 4 divide 300?
True
Is 74 a factor of 666?
True
Is 5 a factor of 2925?
True
Is 11 a factor of 2189?
True
Is 28 a factor of 32861?
False
Is 6737 a multiple of 11?
False
Is 38 a factor of 874?
True
Is 141 a factor of 44580?
False
Is 31986 a multiple of 18?
True
Is 138 a multiple of 2?
True
Does 5 divide 1004?
False
Is 319 a multiple of 12?
False
Does 13 divide 2327?
True
Does 15 divide 3870?
True
Is 48 a factor of 17376?
True
Is 199 a factor of 14129?
True
Is 11 a factor of 3480?
False
Does 13 divide 975?
True
Does 26 divide 53378?
True
Is 17402 a multiple of 226?
True
Is 4885 a multiple of 48?
False
Is 40382 a multiple of 331?
True
Is 119 a factor of 27535?
False
Does 21 divide 340?
False
Does 44 divide 1936?
True
Does 126 divide 2394?
True
Is 50 a multiple of 4?
False
Does 8 divide 2615?
False
Does 59 divide 140479?
True
Is 23 a factor of 138?
True
Is 180 a multiple of 9?
True
Is 10 a factor of 6380?
True
Does 78 divide 